[INFO] cloning repository https://github.com/akofke/texas_holdem
[INFO] running `Command { std: "git" "-c" "credential.helper=" "-c" "credential.helper=/workspace/cargo-home/bin/git-credential-null" "clone" "--bare" "https://github.com/akofke/texas_holdem" "/workspace/cache/git-repos/https%3A%2F%2Fgithub.com%2Fakofke%2Ftexas_holdem", kill_on_drop: false }`
[INFO] [stderr] Cloning into bare repository '/workspace/cache/git-repos/https%3A%2F%2Fgithub.com%2Fakofke%2Ftexas_holdem'...
[INFO] running `Command { std: "git" "rev-parse" "HEAD", kill_on_drop: false }`
[INFO] [stdout] 2a82f3801abe7978a0f2ebf6ff2c04ef6f193f13
[INFO] checking akofke/texas_holdem against master#9610dfe5a9a731ced1ea4923ecbd0c57fe367898 for beta-170-4
[INFO] running `Command { std: "git" "clone" "/workspace/cache/git-repos/https%3A%2F%2Fgithub.com%2Fakofke%2Ftexas_holdem" "/workspace/builds/worker-0-tc1/source", kill_on_drop: false }`
[INFO] [stderr] Cloning into '/workspace/builds/worker-0-tc1/source'...
[INFO] [stderr] done.
[INFO] validating manifest of git repo https://github.com/akofke/texas_holdem on toolchain 9610dfe5a9a731ced1ea4923ecbd0c57fe367898
[INFO] running `Command { std: CARGO_HOME="/workspace/cargo-home" RUSTUP_HOME="/workspace/rustup-home" "/workspace/cargo-home/bin/cargo" "+9610dfe5a9a731ced1ea4923ecbd0c57fe367898" "metadata" "--manifest-path" "Cargo.toml" "--no-deps", kill_on_drop: false }`
[INFO] started tweaking git repo https://github.com/akofke/texas_holdem
[INFO] finished tweaking git repo https://github.com/akofke/texas_holdem
[INFO] tweaked toml for git repo https://github.com/akofke/texas_holdem written to /workspace/builds/worker-0-tc1/source/Cargo.toml
[INFO] crate git repo https://github.com/akofke/texas_holdem already has a lockfile, it will not be regenerated
[INFO] running `Command { std: CARGO_HOME="/workspace/cargo-home" RUSTUP_HOME="/workspace/rustup-home" "/workspace/cargo-home/bin/cargo" "+9610dfe5a9a731ced1ea4923ecbd0c57fe367898" "fetch" "--manifest-path" "Cargo.toml", kill_on_drop: false }`
[INFO] [stderr]  Downloading crates ...
[INFO] [stderr]   Downloaded libc v0.2.4
[INFO] running `Command { std: "docker" "create" "-v" "/var/lib/crater-agent-workspace/builds/worker-0-tc1/target:/opt/rustwide/target:rw,Z" "-v" "/var/lib/crater-agent-workspace/builds/worker-0-tc1/source:/opt/rustwide/workdir:ro,Z" "-v" "/var/lib/crater-agent-workspace/cargo-home:/opt/rustwide/cargo-home:ro,Z" "-v" "/var/lib/crater-agent-workspace/rustup-home:/opt/rustwide/rustup-home:ro,Z" "-e" "SOURCE_DIR=/opt/rustwide/workdir" "-e" "CARGO_TARGET_DIR=/opt/rustwide/target" "-e" "CARGO_HOME=/opt/rustwide/cargo-home" "-e" "RUSTUP_HOME=/opt/rustwide/rustup-home" "-w" "/opt/rustwide/workdir" "-m" "1610612736" "--user" "0:0" "--network" "none" "ghcr.io/rust-lang/crates-build-env/linux@sha256:19e73879b68f455e41552ea35293514db52ea292d993f571636dbffedb77a1ee" "/opt/rustwide/cargo-home/bin/cargo" "+9610dfe5a9a731ced1ea4923ecbd0c57fe367898" "metadata" "--no-deps" "--format-version=1", kill_on_drop: false }`
[INFO] [stdout] 63c80706ff9a9068556b76e712f0df75d1de32340fafc8c3203fb987760e5bbd
[INFO] running `Command { std: "docker" "start" "-a" "63c80706ff9a9068556b76e712f0df75d1de32340fafc8c3203fb987760e5bbd", kill_on_drop: false }`
[INFO] running `Command { std: "docker" "inspect" "63c80706ff9a9068556b76e712f0df75d1de32340fafc8c3203fb987760e5bbd", kill_on_drop: false }`
[INFO] running `Command { std: "docker" "rm" "-f" "63c80706ff9a9068556b76e712f0df75d1de32340fafc8c3203fb987760e5bbd", kill_on_drop: false }`
[INFO] [stdout] 63c80706ff9a9068556b76e712f0df75d1de32340fafc8c3203fb987760e5bbd
[INFO] running `Command { std: "docker" "create" "-v" "/var/lib/crater-agent-workspace/builds/worker-0-tc1/target:/opt/rustwide/target:rw,Z" "-v" "/var/lib/crater-agent-workspace/builds/worker-0-tc1/source:/opt/rustwide/workdir:ro,Z" "-v" "/var/lib/crater-agent-workspace/cargo-home:/opt/rustwide/cargo-home:ro,Z" "-v" "/var/lib/crater-agent-workspace/rustup-home:/opt/rustwide/rustup-home:ro,Z" "-e" "SOURCE_DIR=/opt/rustwide/workdir" "-e" "CARGO_TARGET_DIR=/opt/rustwide/target" "-e" "CARGO_INCREMENTAL=0" "-e" "RUST_BACKTRACE=full" "-e" "RUSTFLAGS=--cap-lints=forbid" "-e" "RUSTDOCFLAGS=--cap-lints=forbid" "-e" "CARGO_HOME=/opt/rustwide/cargo-home" "-e" "RUSTUP_HOME=/opt/rustwide/rustup-home" "-w" "/opt/rustwide/workdir" "-m" "1610612736" "--user" "0:0" "--network" "none" "ghcr.io/rust-lang/crates-build-env/linux@sha256:19e73879b68f455e41552ea35293514db52ea292d993f571636dbffedb77a1ee" "/opt/rustwide/cargo-home/bin/cargo" "+9610dfe5a9a731ced1ea4923ecbd0c57fe367898" "check" "--frozen" "--all" "--all-targets" "--message-format=json", kill_on_drop: false }`
[INFO] [stdout] 27a78b6181bf867c54842443db9326a6be32fbd30e25e36b8b5d6fa7cad05b0c
[INFO] running `Command { std: "docker" "start" "-a" "27a78b6181bf867c54842443db9326a6be32fbd30e25e36b8b5d6fa7cad05b0c", kill_on_drop: false }`
[INFO] [stderr]    Compiling winapi-build v0.1.1
[INFO] [stderr]     Checking winapi v0.2.5
[INFO] [stderr]     Checking libc v0.2.4
[INFO] [stderr]    Compiling advapi32-sys v0.1.2
[INFO] [stderr]     Checking rand v0.3.12
[INFO] [stderr]     Checking texas_holdem v0.1.0 (/opt/rustwide/workdir)
[INFO] [stdout] error[E0507]: cannot move out of `self.players` which is behind a mutable reference
[INFO] [stdout]   --> src/main.rs:82:27
[INFO] [stdout]    |
[INFO] [stdout] 82 |             for player in self.players {
[INFO] [stdout]    |                           ^^^^^^^^^^^^
[INFO] [stdout]    |                           |
[INFO] [stdout]    |                           `self.players` moved due to this implicit call to `.into_iter()`
[INFO] [stdout]    |                           move occurs because `self.players` has type `Vec<Player>`, which does not implement the `Copy` trait
[INFO] [stdout]    |
[INFO] [stdout] note: `into_iter` takes ownership of the receiver `self`, which moves `self.players`
[INFO] [stdout]   --> /rustc/9610dfe5a9a731ced1ea4923ecbd0c57fe367898/library/core/src/iter/traits/collect.rs:271:18
[INFO] [stdout] help: consider iterating over a slice of the `Vec<Player>`'s content to avoid moving into the `for` loop
[INFO] [stdout]    |
[INFO] [stdout] 82 |             for player in &self.players {
[INFO] [stdout]    |                           +
[INFO] [stdout] 
[INFO] [stdout] 
[INFO] [stdout] error[E0507]: cannot move out of `self.players` which is behind a mutable reference
[INFO] [stdout]   --> src/main.rs:82:27
[INFO] [stdout]    |
[INFO] [stdout] 82 |             for player in self.players {
[INFO] [stdout]    |                           ^^^^^^^^^^^^
[INFO] [stdout]    |                           |
[INFO] [stdout]    |                           `self.players` moved due to this implicit call to `.into_iter()`
[INFO] [stdout]    |                           move occurs because `self.players` has type `Vec<Player>`, which does not implement the `Copy` trait
[INFO] [stdout]    |
[INFO] [stdout] note: `into_iter` takes ownership of the receiver `self`, which moves `self.players`
[INFO] [stdout]   --> /rustc/9610dfe5a9a731ced1ea4923ecbd0c57fe367898/library/core/src/iter/traits/collect.rs:271:18
[INFO] [stdout] help: consider iterating over a slice of the `Vec<Player>`'s content to avoid moving into the `for` loop
[INFO] [stdout]    |
[INFO] [stdout] 82 |             for player in &self.players {
[INFO] [stdout]    |                           +
[INFO] [stdout] 
[INFO] [stdout] 
[INFO] [stdout] error[E0596]: cannot borrow `player.hand` as mutable, as `player` is not declared as mutable
[INFO] [stdout]   --> src/main.rs:83:17
[INFO] [stdout]    |
[INFO] [stdout] 83 |                 player.hand.push(self.deck.pop());
[INFO] [stdout]    |                 ^^^^^^^^^^^^^^^^^^^^^^^^^^^^^^^^^ cannot borrow as mutable
[INFO] [stdout]    |
[INFO] [stdout] help: consider changing this to be mutable
[INFO] [stdout]    |
[INFO] [stdout] 82 |             for mut player in self.players {
[INFO] [stdout]    |                 +++
[INFO] [stdout] 
[INFO] [stdout] 
[INFO] [stdout] error[E0596]: cannot borrow `player.hand` as mutable, as `player` is not declared as mutable
[INFO] [stdout]   --> src/main.rs:83:17
[INFO] [stdout]    |
[INFO] [stdout] 83 |                 player.hand.push(self.deck.pop());
[INFO] [stdout]    |                 ^^^^^^^^^^^^^^^^^^^^^^^^^^^^^^^^^ cannot borrow as mutable
[INFO] [stdout]    |
[INFO] [stdout] help: consider changing this to be mutable
[INFO] [stdout]    |
[INFO] [stdout] 82 |             for mut player in self.players {
[INFO] [stdout]    |                 +++
[INFO] [stdout] 
[INFO] [stdout] 
[INFO] [stdout] error: aborting due to 2 previous errors
[INFO] [stdout] 
[INFO] [stdout] 
[INFO] [stdout] Some errors have detailed explanations: E0507, E0596.
[INFO] [stdout] 
[INFO] [stdout] For more information about an error, try `rustc --explain E0507`.
[INFO] [stdout] 
[INFO] [stdout] error: aborting due to 2 previous errors
[INFO] [stdout] 
[INFO] [stdout] 
[INFO] [stdout] Some errors have detailed explanations: E0507, E0596.
[INFO] [stdout] 
[INFO] [stdout] For more information about an error, try `rustc --explain E0507`.
[INFO] [stdout] 
[INFO] [stderr] error: could not compile `texas_holdem` (bin "texas_holdem") due to 3 previous errors
[INFO] [stderr] warning: build failed, waiting for other jobs to finish...
[INFO] [stderr] error: could not compile `texas_holdem` (bin "texas_holdem" test) due to 3 previous errors
[INFO] running `Command { std: "docker" "inspect" "27a78b6181bf867c54842443db9326a6be32fbd30e25e36b8b5d6fa7cad05b0c", kill_on_drop: false }`
[INFO] running `Command { std: "docker" "rm" "-f" "27a78b6181bf867c54842443db9326a6be32fbd30e25e36b8b5d6fa7cad05b0c", kill_on_drop: false }`
[INFO] [stdout] 27a78b6181bf867c54842443db9326a6be32fbd30e25e36b8b5d6fa7cad05b0c
